. Let v(c) = c**3 - 5*c**2 - 7*c + 6. Let m be v(6). What is the units digit of h(m)?
5
Let o be (-24)/9*(-21)/4. Suppose 4*b + 4*h + 16 = 0, h = 2*b - b. Let p = o - b. What is the units digit of p?
6
Let p = 1 - -6. Let b = 22 - 14. Let k = b + p. What is the units digit of k?
5
Let u(j) = -14*j + 28. Let w be u(-13). Suppose 5*t = m + w, -2*t = -3*t - m + 48. What is the units digit of t?
3
Let t = -5 + 1. Let m = -4 + -2. What is the units digit of (m/t)/(2/4)?
3
Suppose -16 = -s - 2*m + 12, 5*s = -m + 122. What is the units digit of (s/(-14))/((-2)/14)?
2
Suppose -f + 2*n + 18 = 0, 105 = -0*f + 5*f - 5*n. Suppose -2*q + 3*x + f = -0*x, 4*q = -4*x + 8. What is the units digit of q?
6
Suppose 5*m - 14 = 161. What is the tens digit of m?
3
Let j(z) = z + 2. Let g be j(3). Suppose -52 = -g*k + 3. What is the tens digit of k?
1
Let r be 0/(1*(-1)/(-1)). Suppose r = 3*d - 2*d - 5. Suppose 27 = 4*b - d. What is the units digit of b?
8
What is the units digit of 3*(-94)/(-18)*3?
7
Let y = 32 + -11. What is the tens digit of y?
2
Let i be -1 - 5 - (7 + -9). Let o = i - -6. Let c(v) = v**3 - 2*v + 1. What is the units digit of c(o)?
5
Suppose 0 = v - 4*h + 11, -h + 0*h = 4*v - 24. Suppose -v*b - 14 = -34. Suppose -2*l + b*l - 24 = 0. What is the tens digit of l?
1
Let t(f) = -10*f. Suppose 5*u = 15 - 0. Let s = 2 - u. What is the tens digit of t(s)?
1
Let s = 15 - 12. Suppose 2*l + 6*h - s*h = 78, -5*l = h - 221. What is the units digit of l?
5
Suppose -24*u = -25*u + 97. What is the units digit of u?
7
Suppose -o + 17*x = 12*x - 261, 3*o - 703 = -x. What is the tens digit of o?
3
Let z(j) = -j**3 + 8*j**2 - 7*j - 8. What is the units digit of z(6)?
2
Suppose 3*q = -2*u + 664, -45 - 837 = -4*q - u. Suppose -5*c + 0*c + q = 0. What is the tens digit of c?
4
Let l(h) = -h**2 + 6*h + 1. Let j be l(5). Let z = j - 3. What is the units digit of z?
3
Let f(w) = -w**2 + 4*w + 2. Let y be f(-3). Let p = 20 + y. What is the units digit of p?
1
Suppose 2 + 0 = -f. Let g(q) = 2*q**2 + q. Let l be g(f). Let o = l - 2. What is the units digit of o?
4
Suppose 0 = -2*b - 3*q + 565, -8*b + 4*b = 4*q - 1120. What is the units digit of b?
5
Let v = 0 + 3. Suppose -2*b - 10 = -v*b. What is the units digit of b?
0
Suppose 3*q + q - 20 = 0. Suppose 0*s + 3*s - 5*r + 22 = 0, -2*s + q*r - 18 = 0. Let x = -3 - s. What is the units digit of x?
1
Let n(v) = 2*v - 6. Let s be 4 + (-1)/(-1)*0. Suppose 0 = s*c - c - 24. What is the units digit of n(c)?
0
Let h(l) be the second derivative of l**6/90 - l**4/24 + l**3/6 + l. Let c(y) be the second derivative of h(y). What is the units digit of c(1)?
3
Suppose -3 - 9 = 4*z + 5*b, z = -5*b - 18. Suppose -9 = -3*d + 3*a, 2*a = z*d - d - 5. What is the units digit of d?
1
Suppose 23 = g - 16. What is the tens digit of g?
3
Let y(l) = 64*l**2 + 3*l - 2. What is the units digit of y(1)?
5
Let y be 31/4 - (-4)/16. Suppose 5 = 5*x, -d - 4*x = -0*d - y. What is the units digit of d?
4
What is the units digit of 7 - (1 + 2) - -49?
3
What is the tens digit of (1/2)/((-1)/(-40))?
2
Let o = 44 - 37. What is the units digit of o?
7
Suppose -5*o + 28 = -2*n, n + 16 = 5*o + 2*n. Suppose -5*u - o*c = -0*u - 36, -3*u + 28 = 4*c. What is the units digit of u?
4
Suppose -2*p + 590 = 5*k - 272, 3*k + 3*p - 519 = 0. Let l = -123 + k. Suppose -5*q + l = -v, -5*q - v + 51 = -0*v. What is the units digit of q?
0
What is the units digit of 57/21 - (-10)/35?
3
Let i be 9/(-2 - 1) - -8. Let g(o) = o**2 - 5*o + 5. What is the units digit of g(i)?
5
What is the units digit of (2 + 1)/(6/58)?
9
Suppose 3*s + 4*k - 104 = 2*s, -3*k = 3*s - 312. What is the tens digit of s?
0
Let s(i) = i**3 + 7*i**2 - 3*i + 8. Let p be s(-7). Suppose -2*c + 7 = -2*o - c, -4*o - p = c. What is the units digit of (1 + 8/o)*-3?
1
Suppose 5*m = -2*a + 103, -a - m = -3*m - 56. What is the tens digit of a?
5
Let r(l) = l**3 - 5*l**2 + 4*l + 3. Let n be r(4). Let o be 14 - (1 - 3/n). Let p = o - 8. What is the units digit of p?
6
Let w(r) = r**2 - 3*r - 1. Let v be w(3). Let d = v - -2. What is the units digit of d?
1
Let r(v) be the third derivative of 1/2*v**3 + 0*v - 1/12*v**4 + 0 - v**2. What is the units digit of r(-3)?
9
Let o be 4/(-2) + 0 - -6. Suppose -6*m + 28 = -o*m. What is the units digit of m?
4
Suppose -4*q + 21 + 63 = 0. What is the units digit of q?
1
Let p(k) = 2*k. Let x be p(2). What is the units digit of (-32)/(-5) - x/10?
6
Let s be 21*((-8)/(-6) + -1). Let z = s - -6. Suppose -3 = -4*h + z. What is the units digit of h?
4
Let d(j) be the third derivative of 0*j**4 + 0*j + 1/30*j**5 - 1/6*j**3 + 3*j**2 + 0. What is the units digit of d(-2)?
7
Let u(s) = -3*s - 2. Let j(y) = 5*y + 3. Let m(q) = 4*j(q) + 7*u(q). Let w be m(-5). Suppose 0 = -2*c + w + 1. What is the units digit of c?
2
Suppose 7*h = 2*h + 30. What is the units digit of (-2 - (h + -3))/(-1)?
5
Let k(c) = -4*c**2 + 4*c**2 - c**2 + 35. What is the units digit of k(0)?
5
Let c(r) be the third derivative of r**5/15 - r**4/12 + r**3/6 - 3*r**2. What is the units digit of c(2)?
3
Suppose 6*k - 482 = 4*k. What is the tens digit of k?
4
Suppose -10*o + 12*o - 18 = 0. What is the units digit of o?
9
Let p(d) = d**2 - d. Let w(j) = -8*j**2 + 7*j + 1. Let h(b) = -5*p(b) - w(b). Let r be h(-1). Suppose a = r*a - 9. What is the units digit of a?
3
Let k = -3 - -5. Let h be (12/10)/(3/10). Suppose -x - k = -h. What is the units digit of x?
2
Let c(h) = -h + 7. Let p(a) = -a**2 - 7*a + 5. Let m be p(-7). Let i be c(m). Suppose -3*k = i*k - 30. What is the units digit of k?
6
Suppose 0 = v + 1, 0 = -0*s - s + 3*v + 72. What is the units digit of s?
9
Let x = -4 + 3. Let b(a) = a**3 - a**2. Let t(j) = -4*j**3 + 8*j**2 - 2*j + 1. Let h(u) = x*t(u) - 3*b(u). What is the units digit of h(5)?
9
What is the tens digit of -3 - (-1 + 0) - -65?
6
Let m = 74 - -6. Suppose -m = 2*x - 7*x. Suppose -x = 2*p - 4*p. What is the units digit of p?
8
Let v(h) = 2*h**2 - 1 + 0 - 3*h**2 - 1 - 6*h. Let d be v(-5). Suppose -2*a = -d*a + 3. What is the units digit of a?
3
Let o = 21 - -3. What is the tens digit of o?
2
Suppose -f = -5*u - 4 + 8, 4*f + 5*u = 34. What is the units digit of f?
6
Let l = 3 - 1. Suppose l*k + 2*o = 4 + 18, -4*o + 20 = 0. What is the units digit of k?
6
Suppose -v + 2 = 6. Let k = v - -2. What is the tens digit of (k/(-6))/((-1)/(-39))?
1
Let b(y) = 2*y + 18. Let g be b(-8). Suppose 18 = g*k - 3*o, 4 = 4*k + o - 32. What is the units digit of k?
9
Let b(r) = r**3 - 4*r + 2 - r - r**2 + 3*r + 7*r**2. What is the tens digit of b(-6)?
1
Suppose 2*u = 1 + 5. Let f be -1 + 1 + 0 + 0. What is the units digit of 6/(u/4 + f)?
8
What is the units digit of (-2)/(-13) + 4976/104?
8
Let o(u) = -5*u + 0 + 6*u - 1. Let g be o(4). Suppose -34 = -g*i + 2*l, -2*i - 31 = -4*i + 3*l. What is the units digit of i?
8
Suppose 0 = -5*l + 3*a + 17 + 15, -4*a = 16. Suppose -p = -l*p + 15. Suppose p - 2 = i. What is the units digit of i?
3
Let c(y) = -y**3 - 6*y**2 + 7*y - 14. Let t be c(-8). Let d = t + -32. What is the tens digit of d?
2
Let m be 0 - (1 + -3) - 0. Let c = 13 - m. What is the tens digit of c?
1
Let f = -45 - -31. Let h be 1*(6*f)/(-2). Suppose 0 = -4*m + 2*z + h, m - 4*z = -0*z. What is the tens digit of m?
1
Let x(m) = -m**3 - 2*m**2 + 6*m + 5. What is the units digit of x(-5)?
0
Suppose -3*k - 4 = -7*k. Let f(n) = k - 5 + 3*n + 1 + 0. What is the units digit of f(2)?
3
Let n be (-8)/52 - 82/(-26). Suppose 0*h + 2*h - 3*q - 31 = 0, n*h = -5*q + 94. What is the units digit of h?
3
Let y = -2 - 1. What is the tens digit of (-1)/y - 152/(-12)?
1
Let o be (-2)/(-9) - 430/(-90). Suppose -6*u = -2*u - 2*z - 102, 0 = o*z - 25. What is the tens digit of u?
2
What is the hundreds digit of ((-208)/6 - -1)/(6/(-18))?
1
Let a(o) = -2*o - 11. Let y be a(-9). Let s = -5 + y. What is the units digit of 80/12 - s/3?
6
Let q(j) = -j**2 + 1. Let b be q(-1). Suppose -2*x + 0*x - 28 = b. What is the units digit of (-10)/35 - 32/x?
2
Let z be 8/3 + 22/(-33). Suppose -4*r + 9*r - z*o - 4 = 0, 4*r + 4*o = 20. What is the tens digit of (r + -5)*80/(-12)?
2
Let p = -1 + 3. Suppose p*x = 3*x - 11. Suppose -2*v - 6 = 3*w, 3*v - x = -2*v - w. What is the units digit of v?
3
Suppose q - 245 = 2*v - 0*v, -q + 237 = -4*v. What is the units digi